 5*x - k + 26. What is the units digit of t?
9
Suppose 17*r = 1836 + 4607. What is the hundreds digit of r?
3
Let u be (-76)/12*-6*4. Suppose 7*q - 3*q = u. What is the tens digit of q?
3
Let n(g) = g**2 + 2*g - 69. Let p be n(10). Let q be 50*1/(0 - 2). Let r = q + p. What is the tens digit of r?
2
Suppose -q + 3 = -0. Suppose q*j + 0*j = 0. Suppose j = 5*w - 28 - 2. What is the units digit of w?
6
Suppose -b - 41 - 1746 = 5*w, 0 = 3*w + 4*b + 1079. Let p = w + 636. What is the tens digit of p?
7
Let q(b) = -85*b + 28. What is the hundreds digit of q(-6)?
5
Suppose 3*v - 2*f - 151 = 0, 6*f - 105 = -2*v + 3*f. Suppose 0 = 3*p - 15 - v. What is the units digit of p?
2
Let t = 87 - -7. What is the units digit of t?
4
Let c(s) = -2*s**2 - 5*s + 3. Let b be c(-4). Let d = 50 - 50. Let p = d - b. What is the units digit of p?
9
Let v = -148 + 224. What is the tens digit of v?
7
Let y be 9/(-15) + 44/(-10). Let r(l) = 3*l**2 + 1 - 7*l - 2*l**2 - 2*l**2. What is the tens digit of r(y)?
1
Let v(y) = -5*y**3 - 19*y**2 - 2*y + 11. Let u(t) = -14*t**3 - 56*t**2 - 5*t + 32. Let k(r) = -3*u(r) + 8*v(r). What is the tens digit of k(-6)?
4
Suppose 133*o - 1424 = 131*o. What is the units digit of o?
2
Let j = 526 - 283. Suppose 4*g - 231 = g - z, 3*z + j = 3*g. What is the units digit of g?
8
What is the hundreds digit of (-7410)/((-21)/30 - 16/20)?
9
Suppose 3*i = 4*s + 14, i + 7*s = 2*s + 11. Let k = i + 86. What is the units digit of k?
2
Suppose -1320 = 4*b - 4192. What is the hundreds digit of b?
7
Suppose -3*k - 1524 = -4*k - n, -2*k + 3*n = -3068. What is the hundreds digit of k?
5
Let z(y) = -y**3 + 2*y**2 - y + 3. Let r be z(0). Suppose r + 35 = w + 2*i, -4*w + 176 = -4*i. What is the units digit of w?
2
What is the tens digit of 1/(1173/293 - 4)?
9
Let n(w) = -w + 4. Let i be n(2). Let p(t) = t + 2. Let v be p(i). Suppose f = -4*z - 5, -v*f + 2*z + 16 = -0*f. What is the units digit of f?
3
Suppose 309*a - 23211 = 300*a. What is the units digit of a?
9
What is the tens digit of (-3)/6 + 158949/58?
4
Suppose -2*h + 0*i = i - 69, 0 = -2*h + i + 79. Let d = -20 + h. What is the units digit of d?
7
Suppose h + 393 = 5*i, -65 = -2*i + 3*h + 100. What is the units digit of i?
8
Suppose 0 = 50*f - 49*f - 372. What is the tens digit of f?
7
What is the tens digit of (15/9)/((-4)/((-8016)/4))?
3
Suppose 2*v + 20 = 6*v. Suppose -64 = -v*y + 4*y. What is the units digit of y?
4
Let b(w) be the second derivative of -2*w**3/3 + 5*w**2/2 - 5*w. Let m be b(4). Let n = m - -16. What is the units digit of n?
5
Let m(c) = -c**3 + 3*c**2 - c + 1. Let r be (6 + 0)*(-4)/(-12). Let b be m(r). Suppose -2*o + 2*f = 6*f - 10, -5*o + 77 = -b*f. What is the tens digit of o?
1
Suppose -7*d - 171 + 598 = 0. What is the units digit of d?
1
Let t(g) = -g**2 + 3*g - 5. Let b be t(8). Let h = b + 68. What is the units digit of h?
3
Suppose 0 = -5*w - 3*l + 2177, 0 = -27*l + 22*l + 20. What is the hundreds digit of w?
4
Let c(s) = -s**2 + 9. Let a be c(0). Suppose 3*z + 2*f - 386 = 0, -3*f + a = -3. What is the hundreds digit of z?
1
Suppose -3*t + 16 = -7*t. Let v = 24 - t. What is the units digit of v?
8
Let l = 37 - 26. Let w be (3 + -6 + l)/(-1). Let g = 74 + w. What is the units digit of g?
6
Let i = 0 - 4. Let r be 2 - i - 2*2. Suppose -r*t + 10 = -20. What is the tens digit of t?
1
Let t = 2668 + -1594. What is the hundreds digit of t?
0
Let m(t) = -t**3 + 6*t**2 - 6*t + 3. Suppose -4*y - 5*f = 4, 2*y - f + 4 = 16. What is the tens digit of m(y)?
1
Suppose 560*y - 558*y - 410 = 0. What is the hundreds digit of y?
2
Let q(x) = 4*x + 71. Let z be q(0). Suppose 3*h + 29 = z. What is the tens digit of h?
1
Suppose 87 = 5*q - 38. Suppose -4*x + q = 65. What is the tens digit of (0 + -2)*(x + 0)?
2
Let b(a) = -5*a**2 - 8*a - 9. Let g(j) = 4*j**2 + 6*j + 6. Let q(o) = 5*b(o) + 7*g(o). Suppose -4*z + 3 = -1. What is the units digit of q(z)?
2
Suppose 2*o - 14 - 10 = 0. Suppose -4 = -w + 2*u, 0*u + u = -3*w + o. Suppose l - w = -l. What is the units digit of l?
2
Let n be (-2)/(-6) + 136/24. Let z = -4 + n. What is the units digit of (2 + z)/2 + 0?
2
Let h = 329 - -622. What is the units digit of h?
1
Let g be (-3)/6 - (-164)/8. Let c = g - -1. What is the tens digit of (-66)/(-4)*70/c?
5
Let a = -5 + 6. Suppose -7 = 4*w - 3*w. What is the units digit of (-2)/2*a*w?
7
Let k(s) = -s**2 + 21*s + 16. Let u be k(22). Let z(x) = -2*x**3 - 9*x**2 - x + 3. What is the units digit of z(u)?
7
Let z(y) = -6*y + 3. Let f be z(-10). Let v be (-672)/f*(-9)/2. Suppose 5*m - v = 17. What is the units digit of m?
3
Suppose 24*l = 21*l + 1161. What is the units digit of l?
7
Suppose -4*i - 21 + 9 = 0. What is the units digit of (2/i)/((-6)/1359)?
1
Let t = 6459 - 2214. What is the units digit of t?
5
Let s(l) = l**2 - 5*l + 11. Let q be s(8). Let u(g) = -6*g - 25. Let n be u(-8). Let w = q - n. What is the units digit of w?
2
Let c be 20/(-4) + 10 - 9 - -12. Let h(g) = 3*g**2 + 3 - 10*g + 3 + 7*g**2 - g**3. What is the units digit of h(c)?
4
Let w be 18/(-72)*(-1 - 7). Let t be w/1 + 165/(-11). What is the units digit of (-479)/t + (-20)/(-130)?
7
Suppose 2*r = 5*g + 835, -3*r + 1161 = -2*g - 75. What is the tens digit of r?
1
Let x(s) = s**3 - 6*s**2 - 8*s - 5. Let d be x(7). Let p be (-3)/(-4) + (-27)/d. Suppose -60 = -3*b + p. What is the tens digit of b?
2
What is the hundreds digit of (-10)/40*20 + 1608?
6
Let u(g) = 37*g**2 + 17*g - 52. What is the units digit of u(4)?
8
What is the tens digit of (-6)/7 - 19459/(-203)?
9
Suppose 19*z = 14*z + 15. Let r(q) = q. Let t(k) = 9*k - 3. Let y(v) = -6*r(v) + t(v). What is the units digit of y(z)?
6
Let r(p) = -19*p - 45. What is the tens digit of r(-15)?
4
Suppose 14626 = 3*c - 2*w, -25*w + 24375 = 5*c - 30*w. What is the tens digit of c?
7
Let r(b) = -4562*b - 8. What is the thousands digit of r(-1)?
4
Let y = 28 + -24. Suppose -27 - 65 = -y*z. What is the tens digit of z?
2
What is the tens digit of (6196 + -4)/8 - (-4 + 1)?
7
Suppose -q - 4 = -0*q, 4*k - 28 = 4*q. Suppose 5*r - k*z - 199 = -75, 4*r - 102 = z. What is the units digit of r?
6
Let w(m) = 11 + m**2 - 2 - 4. Let t be w(0). What is the tens digit of 9/(t + -2) - -48?
5
Let f be 4 - (-3)/((-15)/10). Suppose -3*t - q + 232 = 0, 5*t = -f*q + 149 + 237. What is the tens digit of t?
7
Suppose 0 = -2*z + 7*z. Suppose -2*d + 207 + 173 = z. Suppose y + 4*y = d. What is the tens digit of y?
3
What is the tens digit of 268 + (28/84 - 32/6)?
6
Let b(i) = i**3 - 5*i**2 + 3*i + 3. Let n be b(4). What is the units digit of (160/(-32))/((2/26)/n)?
5
Let c(o) = -o**3 + 9*o**2 + 6*o - 7. Let d be c(5). Let n be (-4)/3 + 0 + (-140)/(-15). Suppose -d = -n*z + 5*z. What is the units digit of z?
1
Suppose -3*m + 176 = v, 2*v = 6*v - 3*m - 734. What is the tens digit of v?
8
Suppose -12 + 3 = q. What is the units digit of (14 + -8)/(q/(-222))?
8
Let c be (-2)/(-1)*-1 + 1984/8. Let r = -143 + c. What is the tens digit of r?
0
What is the tens digit of 192/6 - (-4 + 2)?
3
Let y be (1141/(-105) - -6) + 4/(-30). What is the tens digit of y/2*(-1568)/40?
9
Let m(l) = l - 14. Let j be m(-9). Let b = 36 + j. What is the units digit of b?
3
Suppose -p - 3*p = -40. Let v(d) = d - 5. Let q be v(p). Suppose 3 = -t - q*w + 33, -w = -1. What is the tens digit of t?
2
Suppose 12236 = -7*i + 26*i. What is the tens digit of i?
4
What is the units digit of 3/9 - (-534)/18*37?
8
What is the units digit of 6/12 - -29*(-30)/(-4)?
8
Suppose 0 = t - 566 - 80. What is the units digit of t?
6
Let b(a) = 26*a**2 + a + 1. Let u(h) = h - 3. Let f be u(-7). Let z be (2/(-3))/(f/(-15)). What is the tens digit of b(z)?
2
Let z be (-2)/7 + (-1020)/105. What is the units digit of -2 - z - (0 - -1)?
7
Suppose 5*r - 52 = -17. Suppose -r*g + 11*g - 192 = 0. Suppose 0 = 3*d - 24 - g. What is the tens digit of d?
2
What is the units digit of (-581)/(-1)*13/((-26)/(-6))?
3
Let m be 1*5/(15/(-33)). Let k = m + 54. What is the units digit of k?
3
What is the hundreds digit of -13 - -4 - (-2806 + -3)?
8
Suppose -3*b = -b - 24. Let o = b + 47. What is the units digit of o?
9
Suppose -476 = -7*n - 0*n. Suppose -29*a + n = -25*a. What is the units digit of a?
7
Let j(c) be the first derivative of c**4/4 - c**3/3 - c**2/2 + 2*c + 52. Let w(i) = -i**2